278 is divided by 422.
12
What is the remainder when 981 is divided by 124?
113
Calculate the remainder when 50 is divided by 17.
16
Calculate the remainder when 763 is divided by 194.
181
Calculate the remainder when 450 is divided by 423.
27
What is the remainder when 721 is divided by 61?
50
Calculate the remainder when 4367 is divided by 4356.
11
Calculate the remainder when 82 is divided by 10.
2
What is the remainder when 118 is divided by 17?
16
What is the remainder when 69 is divided by 22?
3
What is the remainder when 278 is divided by 91?
5
What is the remainder when 52 is divided by 28?
24
What is the remainder when 7879 is divided by 14?
11
Calculate the remainder when 829 is divided by 76.
69
What is the remainder when 1209 is divided by 12?
9
Calculate the remainder when 223 is divided by 26.
15
What is the remainder when 4511 is divided by 32?
31
What is the remainder when 257 is divided by 134?
123
Calculate the remainder when 767 is divided by 211.
134
Calculate the remainder when 116 is divided by 5.
1
What is the remainder when 497 is divided by 134?
95
What is the remainder when 14031 is divided by 37?
8
Calculate the remainder when 7802 is divided by 153.
152
Calculate the remainder when 108 is divided by 37.
34
What is the remainder when 105 is divided by 27?
24
Calculate the remainder when 367 is divided by 46.
45
What is the remainder when 96 is divided by 33?
30
What is the remainder when 1399 is divided by 100?
99
What is the remainder when 611 is divided by 18?
17
Calculate the remainder when 1066 is divided by 43.
34
Calculate the remainder when 1601 is divided by 73.
68
What is the remainder when 389 is divided by 64?
5
What is the remainder when 336 is divided by 17?
13
What is the remainder when 76 is divided by 28?
20
Calculate the remainder when 148 is divided by 109.
39
What is the remainder when 167 is divided by 43?
38
What is the remainder when 2459 is divided by 164?
163
Calculate the remainder when 190 is divided by 101.
89
Calculate the remainder when 2413 is divided by 23.
21
Calculate the remainder when 2957 is divided by 51.
50
What is the remainder when 394 is divided by 85?
54
What is the remainder when 89 is divided by 23?
20
What is the remainder when 679 is divided by 137?
131
What is the remainder when 6229 is divided by 231?
223
What is the remainder when 376 is divided by 54?
52
What is the remainder when 293 is divided by 62?
45
What is the remainder when 138 is divided by 22?
6
Calculate the remainder when 542 is divided by 4.
2
What is the remainder when 160 is divided by 75?
10
Calculate the remainder when 1260 is divided by 416.
12
Calculate the remainder when 966 is divided by 317.
15
What is the remainder when 62 is divided by 32?
30
What is the remainder when 3089 is divided by 1028?
5
What is the remainder when 258 is divided by 26?
24
Calculate the remainder when 357 is divided by 348.
9
What is the remainder when 833 is divided by 27?
23
Calculate the remainder when 186 is divided by 36.
6
What is the remainder when 114 is divided by 26?
10
What is the remainder when 102 is divided by 15?
12
What is the remainder when 764 is divided by 108?
8
Calculate the remainder when 169 is divided by 47.
28
Calculate the remainder when 53 is divided by 5.
3
Calculate the remainder when 23 is divided by 4.
3
What is the remainder when 170 is divided by 46?
32
What is the remainder when 151 is divided by 79?
72
Calculate the remainder when 81 is divided by 57.
24
Calculate the remainder when 12542 is divided by 98.
96
What is the remainder when 2349 is divided by 14?
11
Calculate the remainder when 6128 is divided by 64.
48
Calculate the remainder when 1096 is divided by 92.
84
Calculate the remainder when 1163 is divided by 35.
8
Calculate the remainder when 719 is divided by 93.
68
Calculate the remainder when 226 is divided by 36.
10
What is the remainder when 2945 is divided by 134?
131
Calculate the remainder when 24 is divided by 8.
0
What is the remainder when 913 is divided by 157?
128
What is the remainder when 2419 is divided by 47?
22
What is the remainder when 15 is divided by 6?
3
What is the remainder when 9476 is divided by 395?
391
What is the remainder when 51 is divided by 34?
17
What is the remainder when 316 is divided by 29?
26
Calculate the remainder when 40 is divided by 29.
11
What is the remainder when 10174 is divided by 318?
316
Calculate the remainder when 176 is divided by 34.
6
Calculate the remainder when 27 is divided by 4.
3
Calculate the remainder when 147 is divided by 43.
18
What is the remainder when 387 is divided by 65?
62
Calculate the remainder when 4171 is divided by 107.
105
Calculate the remainder when 363 is divided by 39.
12
Calculate the remainder when 260 is divided by 60.
20
What is the remainder when 1712 is divided by 22?
18
Calculate the remainder when 2283 is divided by 1131.
21
Calculate the remainder when 279 is divided by 77.
48
Calculate the remainder when 260 is divided by 96.
68
What is the remainder when 455 is divided by 70?
35
Calculate the remainder when 81 is divided by 70.
11
What is the remainder when 2214 is divided by 19?
10
Calculate the remainder when 196 is divided by 96.
4
What is the remainder when 840 is divided by 272?
24
Calculate the remainder when 6418 is divided by 6.
4
What is the remainder when 1067 is divided by 107?
104
What is the remainder when 64 is divided by 39?
25
What is the remainder when 385 is divided by 192?
1
Calculate the remainder when 1437 is divided by 145.
132
What is the remainder when 186 is divided by 13?
4
Calculate the remainder when 100 is divided by 30.
10
What is the remainder when 863 is divided by 54?
53
What is the remainder when 267 is divided by 33?
3
Calculate the remainder when 1649 is divided by 14.
11
What is the remainder when 59 is divided by 13?
7
What is the remainder when 428 is divided by 11?
10
Calculate the remainder when 247 is divided by 29.
15
What is the remainder when 128 is divided by 117?
11
What is the remainder when 1652 is divided by 431?
359
Calculate the remainder when 139 is divided by 49.
41
Calculate the remainder when 1087 is divided by 322.
121
What is the remainder when 829 is divided by 408?
13
What is the remainder when 852 is divided by 30?
12
Calculate the remainder when 163 is divided by 55.
53
What is the remainder when 398 is divided by 68?
58
Calculate the remainder when 6719 is divided by 118.
111
What is the remainder when 1038 is divided by 952?
86
What is the remainder when 143 is divided by 86?
57
What is the remainder when 2815 is divided by 1393?
29
What is the remainder when 3081 is divided by 281?
271
What is the remainder when 647 is divided by 11?
9
Calculate the remainder when 45 is divided by 16.
13
Calculate the remainder when 237 is divided by 4.
1
What is the remainder when 3217 is divided by 83?
63
What is the remainder when 976 is divided by 35?
31
Calculate the remainder when 273 is divided by 270.
3
What is the remainder when 155 is divided by 44?
23
Calculate the remainder when 726 is divided by 27.
24
What is the remainder when 6152 is divided by 76?
72
What is the remainder when 334 is divided by 129?
76
Calculate the remainder when 1707 is divided by 45.
42
Calculate the remainder when 733 is divided by 75.
58
Calculate the remainder when 914 is divided by 154.
144
What is the remainder when 74 is divided by 42?
32
What is the remainder when 179 is divided by 47?
38
Calculate the remainder when 551 is divided by 7.
5
Calculate the remainder when 343 is divided by 13.
5
What is the remainder when 66 is divided by 4?
2
What is the remainder when 194 is divided by 66?
62
What is the remainder when 3033 is divided by 109?
90
Calculate the remainder when 11313 is divided by 12.
9
What is the remainder when 74 is divided by 32?
10
What is the remainder when 729 is divided by 12?
9
Calculate the remainder when 3978 is divided by 8.
2
What is the remainder when 1959 is divided by 439?
203
What is the remainder when 361 is divided by 25?
11
Calculate the remainder when 40 is divided by 15.
10
What is the remainder when 681 is divided by 12?
9
What is the remainder when 1720 is divided by 1664?
56
What is the remainder when 3797